digit of w?
1
Let q(b) be the first derivative of -71*b**2/2 + 8*b + 22. Let c be q(3). Let t = c - -393. What is the units digit of t?
8
Let x = 26389 + -12166. What is the thousands digit of x?
4
Suppose 0 = 2*n + 4*u - 831 - 865, 2599 = 3*n - 5*u. What is the hundreds digit of n?
8
Suppose 15*g - 13*g = 10. Suppose -33 = -g*y - 13. Suppose -u = 4, y*k + 102 = 3*u + 362. What is the units digit of k?
2
Suppose 23*n - 4 = 19. What is the hundreds digit of (269/(-3) + n)/(76/(-570))?
6
Let m = 18 + 4. Suppose -558 + m = -2*d. Suppose 4*p + 2*h = -2*h + d, -2*h = 4*p - 264. What is the units digit of p?
5
Let r(k) = 229*k**3 + 13*k**2 + 20*k + 14. What is the ten thousands digit of r(7)?
7
Suppose 5*m = 3435 - 600. Suppose -b = -z + 7, 4*b + 0 - 2 = -2*z. Suppose 5*w - 3*w = -2*l + 216, -4*w - m = -z*l. What is the tens digit of l?
1
Suppose g - 3*j + 4*j = 139, -g - 5*j = -139. Let p = -43 + g. Suppose -3*l + 83 = -0*k + 4*k, -5*k + 4*l + p = 0. What is the tens digit of k?
2
Suppose -4*q - 4 = -3*a, -4*a - 3*q - 16 = 12. Let z be (-58)/a + 12/(-24). Suppose z*o + 68 = 16*o. What is the units digit of o?
4
Let i be 1752/16 + (-1)/(-2). Suppose -1454 = -2*n - i. Suppose 0 = -10*v + 16*v - n. What is the tens digit of v?
1
Let g be (((-517)/(-3))/1)/((-10)/120). What is the thousands digit of (-48 + 47)/(2/g - 0)?
1
Suppose -2*d = 4, 5*u + 3*d - 272 = 4062. What is the hundreds digit of u?
8
What is the tens digit of (-7 - -5) + 4815 + 1/(4/16)?
1
Let c(j) be the third derivative of 11*j**4/2 - 34*j**3/3 + 2*j**2 + 22. What is the units digit of c(4)?
0
Suppose 0 = c - 4*k - 17423, 2*c + 56*k - 34828 = 58*k. What is the hundreds digit of c?
4
What is the units digit of -2 + 4 + -8 + 6661 + 6?
1
Let t(j) = 68*j + 6. Let q(s) be the third derivative of -s**5/60 + 3*s**4/8 - 8*s**3/3 - 17*s**2. Let o be q(5). What is the hundreds digit of t(o)?
2
Let m = 46 - 42. Suppose m*l - 127 = 137. Suppose -5*x = 2*n - 74, -x + 2*n + l = 4*x. What is the tens digit of x?
1
Let y(r) = 0 - 12*r + 8 - r**2 + 3*r + 0*r**2. Let j be y(-8). Suppose 11*t = j*t - 455. What is the tens digit of t?
9
Suppose b + 3444 = 4*b - 2*i, -i + 2303 = 2*b. What is the tens digit of b?
5
Let j(o) = o**3 + 11*o**2 + 11*o + 15. Let p be j(-10). Suppose 4*a - p + 1 = 0. Let u(h) = 28*h**2 - 2*h + 3. What is the units digit of u(a)?
9
Let q be 5 + -1 + (-3)/3 - -1. Suppose 0 = -2*f - q*n + 3*n + 48, n = -4. Suppose -y + 39 + f = 0. What is the units digit of y?
5
Suppose -109*i + 108*i = 0. Suppose -756 = -i*y - 2*y. What is the units digit of y?
8
Suppose -10*s + 12*s = 0. Suppose 4*i - 2*i - 74 = s. Suppose 35*t - i*t + 64 = 0. What is the tens digit of t?
3
Let v be (12 - 1) + 192/(-32). Suppose -3*k - h = -704, 8*k - 475 = 6*k + v*h. What is the hundreds digit of k?
2
Let b be (4/7)/(1/7). Suppose b*y - 2*k + 4 - 60 = 0, -2*y + 3*k = -24. Suppose 17 + y = 2*s. What is the units digit of s?
6
Let c = 2222 - 3265. What is the hundreds digit of (15/(-35))/(1/c)?
4
Let z(v) = v + 16. Let t be z(12). Suppose -26*s + 30 = -t*s. What is the tens digit of 1*3*(-65)/s?
1
Let n be (-4)/(4 - (10 + -4))*-3. Let j(x) = 7*x + 22. Let u be j(n). What is the tens digit of 8/(-20) + (-768)/u?
3
Suppose -22*l + 571848 + 139764 = 0. What is the ten thousands digit of l?
3
Let f(b) = b + 51. Let q be f(-49). Suppose -3*c = 3*d - 2673, -d + q*c + 1149 = 243. What is the hundreds digit of d?
8
Suppose 10*f - 67346 - 46562 + 12898 = 0. What is the ten thousands digit of f?
1
Suppose 4*u = 7*u - 111. Suppose 33*p = u*p. What is the tens digit of (-51 + (-5 - -1))*-1 - p?
5
Let u(v) = -v**3 - 3*v**2 - 3*v - 19. Let f be u(-4). Suppose 3*x + 5*w - f = 2*w, 4*x = w + 32. What is the units digit of x?
7
Let g(k) = 201*k**2 - 8*k + 20. Let j be g(2). Suppose -3*v - 3*x + 2454 = 0, -v - 3*x = -7*x - j. What is the tens digit of v?
1
Suppose 21851 = -835*q + 837*q + 3*k, k - 54660 = -5*q. What is the units digit of q?
3
Let r be 27884 - (20 + -24)*2/2. Suppose -22*d + d = -r. What is the tens digit of d?
2
Suppose 1547 = -4*l - 5*k, 4*k = 9*l - 7*l + 754. What is the hundreds digit of (-7)/(84/16)*(5 + l)?
5
Let i be (-10)/2 + 1 + 0. Let r be 0*1/(-5) + i. What is the tens digit of 90/8 - (-1)/r?
1
Suppose 2*t + 3*y - 796 = 263, -2*y = 2*t - 1062. Suppose 6*r + t = -714. Let c = -123 - r. What is the tens digit of c?
8
Let j(o) = o**2 - 65*o + 106. Let c be j(45). Let q = -307 - c. What is the tens digit of q?
8
Let u = -7273 - -15287. What is the thousands digit of u?
8
Let b(q) = q**3 + 6*q**2 + q + 5. Let c be b(-6). What is the tens digit of 3*(-1385)/30*(c + -3)?
5
Suppose 81*z + 50696 - 3513 - 827537 = 0. What is the hundreds digit of z?
6
Let j = -4613 - -13836. What is the units digit of j?
3
Let r(j) = j**3 - 1. Let x(q) = 66*q**3 - 3*q**2 + 16. Let t(a) = 6*r(a) + x(a). What is the tens digit of t(2)?
7
Suppose -5*v = -17*a + 10*a - 223632, 4*a = -24. What is the units digit of v?
8
Suppose 4*j - 2*f = 375476, 7*j - 206*f + 205*f = 657083. What is the tens digit of j?
6
Let z = 102 + -98. Suppose 0 = 2*g - z, g = 4*q - 6 - 20. What is the tens digit of ((-255)/30)/((q/(-30))/7)?
5
Suppose 0 = -10*l + 38338 + 12016 + 22206. What is the hundreds digit of l?
2
Suppose 7*w - 242 = 5*w + 2*t, 0 = -3*w + t + 361. Suppose 0 = -10*o + w + 2590. What is the hundreds digit of o?
2
Suppose -3*i + 1706 = 2*o, 2*o + 4*i = 2*i + 1702. Let l = o + -387. What is the tens digit of l?
6
Suppose -2*j - 5212 = 4*i - 29238, 3*i = j + 18007. Suppose -6*y = 1492 - i. What is the units digit of y?
2
Suppose 2*y - 2*o - 2442 = 0, -18*o + 16*o + 3688 = 3*y. What is the thousands digit of y?
1
Let c(o) = -4*o**2 + 64*o - 3. Let d be c(16). What is the tens digit of (97 - 8) + ((-12)/4 - d)?
8
Let b = -1072 + 457. What is the hundreds digit of b/4*(-232)/87?
4
Let d(g) = g**2 - g - 28. Let y be d(-7). Let r = y - 30. What is the units digit of (-4)/r + (-1116)/(-9)?
6
Suppose 23*m - 206964 = 7*m - 2*m. What is the hundreds digit of m?
4
Let l(j) = 31*j - 205. Let m be l(9). Let x = m - -260. What is the hundreds digit of x?
3
Suppose 4*r - 5*r + 433 = -3*s, 4*r = -s + 1771. Suppose -o + r = 2*n, 3*n = n - 3*o + 434. What is the tens digit of n?
2
Suppose 0 = 9*y - 5*y - l - 21966, -3*y = 4*l - 16465. What is the tens digit of y?
9
Suppose -2*x - x + 75 = 0. Suppose 570 = 12*y + 90. Let l = y + x. What is the units digit of l?
5
Suppose -3 = 3*z - 4*s, -5*z + s = -0*z + 5. What is the units digit of (-9)/z - (-50031)/51?
0
What is the units digit of (1595/(-638))/((-5)/84642)?
1
Let i(b) = -3*b**2 - 55*b + 416. Let g(u) = -2*u**2 - 35*u + 277. Let h(z) = -8*g(z) + 5*i(z). What is the tens digit of h(-17)?
6
Suppose a = -2*z + 216, -4*a = -z + 80 + 46. Let r = 151 - z. Let k = 96 - r. What is the units digit of k?
5
Suppose 3*t + 162534 = 19*t - 13818. What is the thousands digit of t?
1
Suppose 29*f = 16*f + 221. Suppose 3570 = f*u - 3774. What is the tens digit of u?
3
Let z(a) = 2*a**2 - 38*a + 32. Let y be z(20). Suppose -2*p - 5*u = -y + 9, 0 = -4*p - 3*u + 119. What is the units digit of p?
9
Let j = -28 + 56. Let n be (6/21)/(2/j). Suppose 4*u + 40 - 311 = z, 3*u + n*z = 189. What is the units digit of u?
7
Let k = 25 - 25. Suppose -r + k*r + 5*p + 7 = 0, -3*r + 11 = -5*p. Suppose 4*z = -o + 452, 2*o + 197 = r*z - 39. What is the hundreds digit of z?
1
Let v = -1936 + 2134. Suppose -4*h = -27 - 13. What is the units digit of 4/(-6)*v/h*-5?
6
Suppose -q - 40 = 4*w + 4*q, -5*q - 50 = 5*w. Let o be 3/(-15) - 192/w. Suppose -60 - o = -a + 3*n, 4*a + 3*n = 256. What is the tens digit of a?
6
Let m = 44577 - 18419. What is the ten thousands digit of m?
2
Let s(j) be the second derivative of 5/12*j**4 - 11*j + 0 + 2/3*j**3 - 15/2*j**2. What is the hundreds digit of s(-7)?
2
What is the units digit of (-27)/(-12) - 2482562/(-344)?
9
Let p(r) = 4*r + 196*r**3 - 399*r**3 - 2 + 3*r**2 + 202*r**3 + r. Let o be p(3). Suppose o*m - 16*m = -33. What is the units digit of m?
1
Suppose q - 27 = -23. Let s be q + 1021/3 - (-1)/(-3). What is the tens digit of (1/2)/((8 + -4)/s)?
4
Let k = 327 + -318. Suppose -387 + 2502 = k*l. What is the hundreds digit of l?
2
Let h = 35366 + -22748. What is the hundreds digit of h?
6
Suppose -4*z = 3*